hat is the units digit of o?
7
Let v be -3 - -2 - (-10 + 31). Let z = v - -25. What is the units digit of z?
3
Let z(t) = 3*t**3 + 4*t**2 - 5*t - 88. What is the thousands digit of z(8)?
1
Let x = -61 - -66. What is the units digit of ((360/x)/(-6))/((-3)/2)?
8
Let q(n) = 2*n**2 - 19*n - 7. Let h be q(8). Let u = 10 - h. Let k = 72 - u. What is the tens digit of k?
3
Suppose u - 3*u = -162. Suppose -2*b = -139 - u. What is the hundreds digit of b?
1
Let s(j) = -3*j**3 - 2*j**2 - 2*j - 1. Let k be s(-1). Suppose k*y + 5*q - 119 = -29, 3*q = -2*y + 94. What is the tens digit of y + (-6)/(6 - 4)?
4
Suppose 4*k + 2*g - 7 = 3*k, 5*k - 21 = -3*g. Suppose -r + 4 + k = a, 2*r + 1 = -5*a. What is the units digit of r?
2
What is the hundreds digit of (639 - (7 + -3)) + (2 - 4)?
6
Suppose -f + 0 = -3*b + 1, -5*b = 4*f - 13. Suppose -3*u - 312 = -3*n, -3*u - f*u - 312 = -3*n. What is the tens digit of n?
0
Let u be (-1)/(1*4/(-12)). Suppose 3*j = -3, -u*j - 96 = -2*s + 87. What is the units digit of s?
0
Let f(z) = z**3 + 14*z**2 - z - 19. Let d be f(-14). Let k(t) = -t**3 - 2*t**2 + 5*t - 7. What is the units digit of k(d)?
3
Let x(p) = -p**3 + 16*p**2 - 17*p + 13. Let n be x(15). Let t = n - -38. What is the units digit of t?
1
Let q(m) = 326*m + 250. What is the tens digit of q(6)?
0
Let l(y) = -y**3 + 12*y**2 - 3*y - 14. Let t be l(10). Suppose -5*u + 139 = -t. What is the units digit of u?
9
Let t(j) be the second derivative of -1/6*j**3 - 1/12*j**4 + 0 - 1/20*j**5 + 1/2*j**2 - 7*j. What is the units digit of t(-2)?
7
What is the units digit of 563/4*2 + 17/34?
2
Let g(m) = -m**2 - 16*m - 13. Let k be 6/(-9)*(7 - -2). What is the tens digit of g(k)?
4
Suppose 0*y + 3*y - 3*w - 819 = 0, -y - 4*w + 273 = 0. What is the hundreds digit of y?
2
Let d be 2/1 + -10 + 9 + 269. What is the units digit of (d - 12) + (-2*2)/2?
6
Let k(f) be the second derivative of f**4/2 - f**3/6 - f**2 - 10*f. Let a be k(2). What is the units digit of 2/5 - (-212)/a?
1
Suppose -3*r = -2*n + 99 + 2613, 0 = 4*n - 3*r - 5436. What is the units digit of n?
2
Suppose -4*g + 10*s - 5*s = -132, s + 110 = 3*g. What is the units digit of g?
8
Suppose -794 = -2*i + 438. What is the units digit of i?
6
Let u be (-11)/2 - 18/(-12). Let w be ((-71)/(-6))/(u/(-24)). Let i = w + -16. What is the tens digit of i?
5
Let q(o) = 19*o**2 + o + 1. Let u be q(-2). Let k = -49 + u. Let f = -1 + k. What is the units digit of f?
5
Suppose 0 = -5*y + 3*o - 16 - 16, -5*o = 5*y + 40. Suppose 11 = 5*n + 1. What is the units digit of (n/(-6))/(y/1197)?
7
Let q = 3750 - 2584. What is the tens digit of q?
6
Suppose -3*u = t - 1087, 7153 = 5*t + 2*u + 1783. What is the thousands digit of t?
1
Suppose -98 + 27 = 5*i + 2*h, -i - h = 13. Let u = 19 + i. What is the units digit of u?
4
Suppose -2*b = -0*b. Suppose b = -2*f - f + 159. What is the units digit of f?
3
What is the tens digit of (6/12)/(2/5484*1)?
7
Let a be 12/4 - 0 - (1 + -1). Suppose 0 = -f - 0 + a, 0 = -4*w + f + 189. What is the units digit of w?
8
Let g be (-52)/(-60) - (-2)/15. Let k be g*6*(-3 + 4). Let v(i) = -i**2 + 9*i - 3. What is the units digit of v(k)?
5
Suppose 0 = 5*t + 2*r - 1412 - 1210, 2*t - r - 1056 = 0. What is the hundreds digit of t?
5
Suppose 4 = -3*y - 2, -2*l - 4*y = -1012. Suppose 0 = -8*w + 3*w + l. Suppose t = -3*j + 54, -2*t - 5*j + 2*j + w = 0. What is the tens digit of t?
4
What is the thousands digit of ((-1)/(-5))/1*(-42 - -6647)?
1
Let i(d) = 16*d**2 - d - 22. Suppose -b + 5*w - 9 = 0, 3*w + 0*w + 9 = -3*b. What is the units digit of i(b)?
8
Let o be (1/(-1))/(2/8*1). Let i(s) = 12*s**2 - 4*s - 16. What is the tens digit of i(o)?
9
Suppose 5*h + 1258 = -1272. What is the tens digit of 3/(3/h)*(-6)/12?
5
Let j(f) = -f**2 + 11*f + 159. What is the tens digit of j(15)?
9
Let r = 216 + -159. What is the units digit of r?
7
Let l be (-798)/33 - 2/(-11). What is the units digit of (-900)/l + 1/2?
8
Let d = 63 + 1108. What is the tens digit of d?
7
Suppose -w + 6*w = 60. Suppose -14*b + w*b + 38 = 0. What is the units digit of b?
9
Let k(d) = -d**2 + 5*d + 38. Let j be k(-5). What is the units digit of (-2)/j - (21335/30)/(-17)?
2
Let o = 143 + 178. What is the hundreds digit of o?
3
Suppose 0 = -2*y + 2 + 4. Suppose 2*i + y*f = 288, 5*i - 1030 = 4*f - 287. What is the units digit of i?
7
Suppose 0*x = x - 5, -3*l - 4*x = -29. Suppose -l*o = -8*o + 90. Suppose o*j = 16*j + 10. What is the units digit of j?
5
Suppose 75*c - 99416 = -11*c. What is the tens digit of c?
5
Let l(h) = 3*h - 45. Let o be l(16). Suppose -o*r - 246 = u - 4*u, 9 = -3*r. What is the tens digit of u?
7
Let a(i) = -i**3 - 11*i**2 + 13*i + 12. Let b be a(-12). Let l be (3 + -2)*-37 - b. Let c = l - -44. What is the units digit of c?
7
Let m be 3/(-4) + 1840/64. Let g = m - 22. What is the units digit of ((-9)/g)/((-9)/204)?
4
Let m = 6 + -10. What is the tens digit of (-914)/(-26) - m/(-26)?
3
Let g = 1329 - 196. What is the units digit of g?
3
Let c(a) = 18*a**3 - a**2 + 14*a + 1. What is the hundreds digit of c(4)?
1
Suppose -5*h - 11 = 2*b + 4, 0 = -4*b + 20. What is the tens digit of (53 + 2)*(-3)/h?
3
Suppose 2*d - 2*o - 26 - 94 = 0, -3*o = -12. Suppose -4*r = -5*n + 350, -3*r = -n - r + d. What is the tens digit of n?
7
Let d = 21 + -34. Let k = d - -44. What is the tens digit of k?
3
Let p(i) = i**3 - 10*i**2 + 12*i - 14. Let d(x) = -x + 4. Let f be d(-5). What is the units digit of p(f)?
3
Let c(z) = -z**3 + 14*z**2 + 16*z - 13. Let b be c(15). Suppose 0 = 2*g - g - b. What is the units digit of g/(-1) - (-20 + 4)?
4
Let b = 3 + -9. Let y be (-4)/(1 - (-2)/b). Let s(p) = p**3 + 6*p**2 + 3. What is the units digit of s(y)?
3
Suppose -5*z + c = -41, -2*c = z - 1 - 5. Suppose z*o = 6*o. What is the units digit of 0/(1 - o) + 1?
1
Suppose -375 = -62*r + 59*r. What is the units digit of r?
5
Let o = 84 - 79. Suppose -o*r + 1352 = 3*r. What is the tens digit of r?
6
Let f = 971 - 574. What is the tens digit of f?
9
Let l = -6 + 14. Suppose q = 5*q - l. Suppose -q*y + 38 + 12 = 0. What is the units digit of y?
5
Let l = 154 - 170. Suppose 2*m + 2 + 6 = 0. What is the units digit of 1/((l/m)/124)?
1
Let y(r) = -r**2 - 22*r - 9. Let d = -20 + 2. What is the units digit of y(d)?
3
Let k be ((-61)/(-3))/((34/60)/17). Suppose -5*x + n + k = 0, 0 = 7*n - 5*n. What is the tens digit of x?
2
Suppose -d - d = 6. Let p = d + 10. Suppose 3*g = 3*l - 57, -l - 5*g + 0*g + p = 0. What is the units digit of l?
7
Suppose y = 2*j + 11, 3*j - 3*y + 17 = -2*y. Let f be 2/j + (-50)/(-15). Suppose -2*p - 5*u = -u - 58, 2*u - 91 = -f*p. What is the tens digit of p?
3
Let q(l) = -2*l - 14. Let i be q(-7). What is the tens digit of (-510)/(-18) - (i - (-3)/9)?
2
Suppose -8*u + 1476 - 4044 = 0. Let p = -94 - u. What is the units digit of p?
7
Let n(a) = a**2 + 3*a - 5. Let s be n(-7). Let i(u) = u**2 - 20*u + 13. What is the tens digit of i(s)?
8
Let c = 1460 + 3635. What is the thousands digit of c?
5
Suppose 1795 = l + 2*p + 369, -2882 = -2*l + 2*p. What is the thousands digit of l?
1
Suppose 0 = 9*u - 5*u - 112. Suppose -3*s = -10*s + u. Suppose -s*g = -b - 104, 3*b - 46 = -5*g + 67. What is the units digit of g?
5
Let w = -99 + 99. Let a(n) = -7*n + 303. What is the units digit of a(w)?
3
Suppose 0 = 5*c - 3*q - 45, 5*c + 17 = -2*q + 87. Let k = -10 + c. Suppose 4 = 3*f - k*f, 2*v - 142 = f. What is the units digit of v?
3
Let d(i) = 1. Let p(f) = -f**3 - 3*f**2 - 7*f + 5. Let v(u) = -2*d(u) - p(u). What is the hundreds digit of v(5)?
2
Suppose -2*p - 63 = -5*p. Suppose p*d - 255 = 16*d. What is the tens digit of d?
5
Let q(r) = -r**3 - 10*r**2 - 4*r - 8. Let x be (11 - (-1 - 1))*1. Suppose 0 = -5*h + x - 63. What is the tens digit of q(h)?
3
Suppose d + 4*q = 15 + 16, 4*q = 0. Let s = d + 35. What is the tens digit of s?
6
Let y be (-2 - (-85)/20) + 1/(-4). What is the units digit of y/3 - (-1584)/54?
0
Let k(y) = y**3 - 5*y**2 - 9. Let p be k(5). Let w be 6/p*(-39)/2. Let d = -6 + w. What is the units digit of d?
7
What is the tens digit of (-2960)/(-6) - ((-10)/6 + 2)?
9
Let s(n) = -9*n - 35. Let m(t) = 2*t + 7. Let l(b) = 33*m(b) + 6*s(b). What is the tens digit of l(7)?
0
Suppose 243*x - 229*x = 20916. What is the units digit of x?
4
Let w(i) be the second deriv